4, 2*m + f - l = 2. What is the tens digit of 2 - -21 - (m + -3)?
2
Suppose -2*b + 2 = 5*q, -3*b - 10*q = -11*q + 31. Let g(s) = -s**3 - 8*s**2 + s + 29. What is the tens digit of g(b)?
0
Let x = -6534 - -10229. What is the thousands digit of x?
3
Suppose -5*p - 15 = 3*u - 5*u, 0 = -2*u + 2*p + 12. Suppose u*c - 40 = 10. Suppose c*t - 170 = -0. What is the units digit of t?
7
Suppose 7*p + 40 = 2*p. Let r be ((-10)/(-3))/(p/132). What is the units digit of (-15)/(-5)*(r/3)/(-5)?
1
Suppose 276281 - 65330 = 35*f - 26*f. What is the thousands digit of f?
3
Let l(z) = 5*z - 31. Let r be l(8). Suppose -r + 17 = -4*p. What is the units digit of 3/((-3)/p) - (-98 + 1)?
9
Let v be 2/2*422 + -5. Let c = 26 + v. What is the tens digit of c?
4
Let x(k) = -k**3 - 16*k**2 + 18*k + 4. Let p be x(-16). Let v be (-4)/(1/3*3). What is the units digit of (v/(-2))/(p/(-276) - 1)?
9
Let r(b) = 2*b**2 + 809 - 814 + 4*b - 2*b**3 + b**3. Let h be r(2). Suppose h*p - 2*p = 2*w + 112, -p + 4*w + 108 = 0. What is the tens digit of p?
1
Let x = 142 + 46. Suppose -608 = -3*a - 4*b - 96, -x = -a + 3*b. Suppose u - a = 5*k, 5*u + 3*k = -k + 793. What is the hundreds digit of u?
1
What is the tens digit of (-1)/3*(21 - 24) + (-60516)/(-4)?
3
Suppose 3*y - 55398 = z, 5*y = 28*z - 27*z + 92330. What is the units digit of y?
6
Suppose -15*p = -10*p - 6945. Suppose -345*u = -342*u - p. What is the tens digit of u?
6
Suppose 463*n = 466*n - 6834. Suppose 3*z - 5*x - 1360 = 0, -14*x = 5*z - 11*x - n. What is the units digit of z?
5
What is the hundreds digit of 97520/15 + 0 + (-6)/(-9)*1?
5
Let t = -179 - -179. Suppose t = -v + 2, 0 = -l + 6*v - 4*v + 410. What is the hundreds digit of l?
4
Let g = 12549 + 47312. What is the hundreds digit of g?
8
Let y be 71*(-1)/3*-6. Suppose 137*p + 165 = y*p. What is the tens digit of p?
3
Let v(r) = 76*r + 5588. What is the thousands digit of v(95)?
2
Let q(o) = 16 + 22 + 40*o - 56 + 16. Let d be q(3). Suppose 5*h - 52 - d = 0. What is the units digit of h?
4
Let y = 603 + -379. Suppose -2*h + 116 = 2*o - y, 0 = 3*o - 3*h - 498. Suppose 12*i - 10*i - o = 0. What is the units digit of i?
4
Let j be (-2 + 1339 - 2)*306/255. Let r = j - 871. What is the units digit of r?
1
Suppose -4188964 = -250*u + 2741308 - 1274772. What is the tens digit of u?
2
Let s(c) = 3*c + 13. Let d(g) = 2*g**2 - 7*g - 6. Let a be d(4). Let m be s(a). Suppose -m*j + 4*j = -456. What is the tens digit of j?
5
Let c = -176901 - -268092. What is the units digit of c?
1
Suppose 227 = 15*r - 28. Suppose 0 = -r*o + 13*o + 1676. What is the tens digit of o?
1
Let l = -1053 + 1877. Suppose 0 = -4*g - 20, 2*g - 262 = 3*x - l. What is the hundreds digit of x?
1
Let i = -15 + 19. Suppose i*g - 3*g - 20 = 0. What is the units digit of g*4 + 0 - (-62 - -62)?
0
Let r(g) = 2 - 3*g**2 - 17*g - 6*g**3 + 4*g + 13*g. What is the hundreds digit of r(-4)?
3
Let f(g) = 3*g - 2*g**2 + 0*g**2 - g - 15*g**3 - 6*g. What is the units digit of f(-3)?
9
Let y(l) = -2*l**3 - l**2 - 6*l - 12. Let m be y(-2). Suppose -7*p + 236 = m. What is the units digit of p?
2
What is the hundreds digit of 17788/(-3)*((-5 - -5) + (-84)/56)?
8
Suppose 8*i - 36 = 4*i. Suppose 4*b = -5*g + 661, -4*g + i*g + 860 = 5*b. What is the units digit of b?
9
Let f = -429 - -449. What is the tens digit of (64/f)/(-4)*-790?
3
What is the thousands digit of 2563 + -12 + (11 - -8)?
2
Let n(j) = -j**3 + 26*j**2 + 25*j + 70. Let r be (1525/(-122))/(2/(-4)). What is the hundreds digit of n(r)?
3
Let g(x) = -x**3 - 5*x**2 + x. Let w be g(-5). Let h(n) = n**2 + 7*n + 13. Let v be h(w). Suppose 0 = -v*f - 40 + 373. What is the hundreds digit of f?
1
Suppose 3*u - 25*m = -22*m + 17730, 11829 = 2*u + m. What is the units digit of u?
3
Let x(d) be the second derivative of -d**5/20 + 5*d**4/4 + 4*d**3 + 25*d**2/2 + 107*d. What is the tens digit of x(13)?
7
Let i = -202 + 211. Let p(a) = a**3 + 4*a**2 + 6*a + 8. What is the thousands digit of p(i)?
1
Let q = 91 - 26. Let o = 67 - q. Suppose 4*g - 5*g - 4*t + 214 = 0, 2*g + o*t - 452 = 0. What is the units digit of g?
0
Let u(a) = -98*a + 64. Let f be u(-4). Suppose 156 = f*b - 453*b. What is the tens digit of b?
5
Let r(i) = i**2 - 8. Let t be r(2). Let h be ((-1)/2)/(t/24). Suppose -2*n = u + h*u - 88, -13 = -u + 4*n. What is the units digit of u?
1
Let j(v) = 9*v - 27. Let i be j(4). Suppose i*b - 1 = -3*d + 4*b, 4*b = -d + 5. What is the hundreds digit of 1 + 3/(d/(-248))?
2
Suppose 223 = -3*r - 338. Let c = r + 334. What is the tens digit of c?
4
Suppose -56*n - 61*n + 23320 = -109*n. What is the hundreds digit of n?
9
Suppose -4 = 79*f - 81*f. Suppose -f = -11*b + 20. Suppose -446 = -3*k - 2*h, b*h = -0 - 10. What is the hundreds digit of k?
1
Let t be 2096/88 - ((-6)/33)/1. Suppose -t = -3*h + 3*s, -4*h + 0*h - 3 = 3*s. Suppose 5*k = 5*w - 535, -5*w + 400 = h*k - 111. What is the units digit of w?
4
Let p = -200 - -205. Suppose 0 = -p*l + 10*l - 815. What is the hundreds digit of l?
1
What is the thousands digit of (-54)/486*624474/4*(-4)/2?
4
Let b = -63 - -133. Suppose 5*w = 4*w - 2*z + b, -20 = -4*z. Let q = 183 - w. What is the units digit of q?
3
Suppose -5*d = 1 - 11, -4*v + 3*d - 6 = 0. Suppose v = 7*b + 1805 - 11787. What is the thousands digit of b?
1
Let t(v) = 30*v - 38. Let f be t(2). Let u(h) = -h**3 + 22*h**2 + 18*h + 45. What is the hundreds digit of u(f)?
4
Let k = -850 + 28834. What is the hundreds digit of k?
9
Suppose 0 = -230*i + 2675142 + 962998. What is the ten thousands digit of i?
1
Let x be 1/(1/(-454)*26/65). Let l = -714 - x. What is the units digit of l?
1
Suppose 4*q = -8, -2*i + 24*q + 9038 = 26*q. What is the units digit of i?
1
What is the units digit of 874293/34*16/12 + 8 + 0?
4
Let d = -7698 + 10708. What is the hundreds digit of d?
0
Let x = 47 - 763. Let j = 1036 + x. What is the tens digit of j?
2
Let y = -306 - -310. What is the tens digit of (y - (-10 - -15))/(1/(-628))?
2
Suppose 153*s + 464 = 169*s. Suppose 0 = s*a - 3*a - 39416. What is the units digit of a?
6
Suppose -4*u - 7*q + 3*q = -1660, -2*u + 2*q = -818. Let m = u - 107. What is the units digit of m?
5
Suppose 53 = -a + 2*f - 16, 2*a + 114 = -4*f. Let s = a + 363. What is the units digit of s?
0
Suppose -3*m = -9*m + 24. Suppose 3*n - 1 = m*u - 3, -2*n + 4 = 0. Suppose 0 = -4*d - 8, u*i + d = 2*d + 220. What is the units digit of i?
9
Let d(j) = 243*j**2 + j + 2. What is the thousands digit of d(6)?
8
Suppose -11*c - 9793 = -751. Let v = 1302 + c. What is the tens digit of v?
8
Let l be 58/20 + (7 - (-138)/(-20)). Suppose 2*n - 3*a = 2013, 2*a + 296 - 3309 = -l*n. What is the units digit of n?
5
Let h(j) = 4*j**2 - 16*j + 43. Let a be 6 + -1 + (4 - 1 - -2). What is the units digit of h(a)?
3
Let h(a) = -a**2 + 2*a**2 - 894*a - 39 + 874*a. Let t be h(29). Let m = t - 79. What is the units digit of m?
3
Suppose -3*d + 9 = 3*s - s, 3*s - 4*d = 5. Let i be (9 + s)/(6/249). Suppose -5*l - 3*g - 108 = -i, -3*g = -15. What is the units digit of l?
5
Let m be 1/(-1)*((8 - 0) + -3). What is the units digit of m/(20/(-48)*2)?
6
Suppose 2*u - 2*n = 3*u - 1302, -u - 3*n = -1302. Suppose 7*w + h = 4*w + u, -5*w = -5*h - 2170. What is the units digit of w?
4
Suppose 203*z = 197*z + 210. Let n(u) = 4*u - 6. Let s be n(6). Let t = z - s. What is the units digit of t?
7
Let v = 232 - 140. Suppose -88*t = -v*t + 968. What is the units digit of t?
2
Let g be -4 - (-3 + 1) - -37. Let b = g - 35. Suppose 3*x = -5*c + 295, -4*c + 20 = -b*c. What is the tens digit of x?
9
Let z be 15 + (-30)/(-5) + -13. Suppose -t + z = -81. What is the tens digit of t?
8
What is the ten thousands digit of -12838*(759/46 - 18)?
1
Let x = -4696 + 15605. What is the units digit of x?
9
Suppose 17*l + 95739 - 845628 = -46*l. What is the units digit of l?
3
Suppose 5*c + 2*d - 49525 = 0, 3*c - d - 29726 = -0*d. What is the tens digit of c?
0
What is the tens digit of ((80/(-5))/8)/(-2)*3457?
5
Let o(a) = 9*a**2 + 10*a - 7. Suppose r = -5*d - 16, -2*d + 22 = -4*r - d. Let v(m) = -m**3 - 6*m**2 + 3*m + 14. Let f be v(r). What is the tens digit of o(f)?
9
Let m(y) = y - 6. Let u be m(10). Let n be 29/u + (-25)/100. Suppose n*q + q = 1336. What is the hundreds digit of q?
1
Let a be 475/(-10)*24/10*-1. Let z = a - 60. What i